ors of 1065124.
2, 266281
What are the prime factors of 977467?
79, 12373
List the prime factors of 454497.
3, 151499
List the prime factors of 576333.
3, 64037
What are the prime factors of 2392696?
2, 299087
What are the prime factors of 201330?
2, 3, 5, 2237
What are the prime factors of 43574?
2, 21787
List the prime factors of 684725.
5, 61, 449
List the prime factors of 30032262.
2, 3, 13, 179, 239
What are the prime factors of 202634?
2, 71, 1427
What are the prime factors of 25603948?
2, 6400987
What are the prime factors of 7228883?
7228883
List the prime factors of 10186154.
2, 11, 193, 2399
What are the prime factors of 22279?
22279
What are the prime factors of 1521346?
2, 41, 18553
What are the prime factors of 140323?
23, 6101
List the prime factors of 539873.
277, 1949
List the prime factors of 304281.
3, 33809
List the prime factors of 1014312.
2, 3, 13, 3251
What are the prime factors of 467094?
2, 3, 77849
List the prime factors of 90597.
3, 13, 23, 101
What are the prime factors of 391344?
2, 3, 31, 263
List the prime factors of 3197.
23, 139
What are the prime factors of 65527?
7, 11, 23, 37
What are the prime factors of 406967?
11, 36997
What are the prime factors of 5451102?
2, 3, 31, 9769
List the prime factors of 19285515.
3, 5, 428567
List the prime factors of 3991.
13, 307
List the prime factors of 5245710.
2, 3, 5, 19, 9203
What are the prime factors of 519213?
3, 19, 9109
What are the prime factors of 130585?
5, 7, 13, 41
List the prime factors of 120772.
2, 109, 277
What are the prime factors of 232452?
2, 3, 11, 587
What are the prime factors of 178085?
5, 35617
List the prime factors of 13146691.
41, 43, 7457
What are the prime factors of 393265?
5, 78653
List the prime factors of 7441974.
2, 3, 413443
What are the prime factors of 349989?
3, 116663
List the prime factors of 28554.
2, 3, 4759
List the prime factors of 21003470.
2, 5, 137, 15331
List the prime factors of 3489738.
2, 3, 7, 83089
List the prime factors of 19757458.
2, 7, 1411247
What are the prime factors of 9136046?
2, 4568023
What are the prime factors of 266199?
3, 89, 997
What are the prime factors of 161341?
161341
What are the prime factors of 829111?
829111
What are the prime factors of 4929906?
2, 3, 821651
What are the prime factors of 1074242?
2, 13, 79, 523
What are the prime factors of 1833174?
2, 3, 7, 14549
List the prime factors of 289.
17
List the prime factors of 673962.
2, 3, 112327
What are the prime factors of 246402?
2, 3, 13
What are the prime factors of 14841430?
2, 5, 1484143
List the prime factors of 163576.
2, 7, 23, 127
List the prime factors of 2152540.
2, 5, 13, 17, 487
What are the prime factors of 213727?
213727
List the prime factors of 222924.
2, 3, 13, 1429
What are the prime factors of 20163266?
2, 10081633
What are the prime factors of 7227618?
2, 3, 17, 59, 1201
List the prime factors of 3196836.
2, 3, 88801
What are the prime factors of 474858?
2, 3, 23, 31, 37
What are the prime factors of 444717?
3, 7, 13, 181
What are the prime factors of 8255413?
23, 358931
List the prime factors of 1800962.
2, 900481
List the prime factors of 191913.
3, 17, 53, 71
List the prime factors of 125174.
2, 7, 8941
List the prime factors of 409291.
409291
List the prime factors of 1631862.
2, 3, 90659
What are the prime factors of 34169830?
2, 5, 17, 29, 239
List the prime factors of 10121927.
19, 532733
What are the prime factors of 913600?
2, 5, 571
List the prime factors of 4447683.
3, 164729
What are the prime factors of 25763646?
2, 3, 4293941
What are the prime factors of 215951?
17, 12703
What are the prime factors of 1092882?
2, 3, 7, 26021
What are the prime factors of 25407?
3, 941
What are the prime factors of 369463?
53, 6971
What are the prime factors of 5147032?
2, 11, 23, 2543
List the prime factors of 2228811.
3, 13, 57149
List the prime factors of 764070.
2, 3, 5, 25469
What are the prime factors of 279546?
2, 3, 46591
List the prime factors of 13735789.
13735789
What are the prime factors of 13836579?
3, 19, 242747
What are the prime factors of 4593663?
3, 157, 3251
List the prime factors of 3108.
2, 3, 7, 37
What are the prime factors of 271353?
3, 29, 3119
List the prime factors of 325597.
325597
What are the prime factors of 85005?
3, 5, 1889
What are the prime factors of 1686142?
2, 53, 15907
What are the prime factors of 6277140?
2, 3, 5, 43, 811
List the prime factors of 2789285.
5, 557857
List the prime factors of 40428.
2, 3, 1123
What are the prime factors of 948489?
3, 61, 71, 73
List the prime factors of 473869.
11, 23, 1873
What are the prime factors of 2406214?
2, 17, 23, 181
List the prime factors of 237338.
2, 118669
List the prime factors of 10946597.
23, 20693
List the prime factors of 141649.
141649
List the prime factors of 994692.
2, 3, 82891
What are the prime factors of 3973684?
2, 11, 13, 6947
What are the prime factors of 14477973?
3, 4825991
List the prime factors of 44547641.
44547641
What are the prime factors of 92326?
2, 13, 53, 67
What are the prime factors of 368918?
2, 11, 41, 409
What are the prime factors of 57677?
137, 421
List the prime factors of 1138590.
2, 3, 5, 4217
What are the prime factors of 1007445?
3, 5, 47, 1429
List the prime factors of 4567763.
4567763
List the prime factors of 263281.
23, 11447
What are the prime factors of 5704284?
2, 3, 53, 8969
What are the prime factors of 2658781?
271, 9811
List the prime factors of 15745414.
2, 19, 131, 3163
List the prime factors of 1136685.
3, 5, 11, 83
What are the prime factors of 988852?
2, 233, 1061
List the prime factors of 26687564.
2, 6671891
List the prime factors of 2696173.
509, 5297
List the prime factors of 190463.
7, 13, 23
What are the prime factors of 319183?
319183
What are the prime factors of 66663?
3, 823
What are the prime factors of 4274545?
5, 11, 77719
What are the prime factors of 281190?
2, 3, 5, 7, 13, 103
What are the prime factors of 452294?
2, 59, 3833
What are the prime factors of 379500?
2, 3, 5, 11, 23
What are the prime factors of 675098?
2, 227, 1487
What are the prime factors of 438032?
2, 7, 3911
What are the prime factors of 232966?
2, 116483
List the prime factors of 138213.
3, 5119
List the prime factors of 10466564.
2, 23, 29, 3923
What are the prime factors of 15021007?
15021007
List the prime factors of 1874118.
2, 3, 312353
List the prime factors of 6730370.
2, 5, 19, 35423
What are the prime factors of 254247?
3, 7, 12107
What are the prime factors of 2882135?
5, 576427
List the prime factors of 4563769.
7, 17, 38351
What are the prime factors of 14799643?
14799643
List the prime factors of 3132884.
2, 883, 887
What are the prime factors of 110378?
2, 229, 241
What are the prime factors of 6129602?
2, 107, 28643
List the prime factors of 1833281.
173, 10597
What are the prime factors of 25316550?
2, 3, 5, 7, 19, 47
What are the prime factors of 10533565?
5, 7, 59, 5101
List the prime factors of 5159053.
5159053
List the prime factors of 4203849.
3, 13, 107791
What are the prime factors of 3587566?
2, 131, 13693
What are the prime factors of 1796395?
5, 359279
List the prime factors of 11809958.
2, 5904979
What are the prime factors of 14049695?
5, 11, 467, 547
What are the prime factors of 4904258?
2, 937, 2617
List the prime factors of 1564360.
2, 5, 7, 37, 151
List the prime factors of 21081973.
11, 1916543
List the prime factors of 15118635.
3, 5, 7, 137, 1051
List the prime factors of 1632572.
2, 73, 5591
What are the prime factors of 360580?
2, 5, 11, 149
List the prime factors of 652062.
2, 3, 108677
What are the prime factors of 205412?
2, 89, 577
What are the prime factors of 6663515?
5, 37, 181, 199
What are the prime factors of 3420578?
2, 7, 263, 929
List the prime factors of 28879484.
2, 7219871
What are the prime factors of 9145974?
2, 3, 61, 24989
What are the prime factors of 627743?
487, 1289
What are the prime factors of 7585?
5, 37, 41
What are the prime factors of 136530?
2, 3, 5, 37, 41
What are the prime factors of 716414?
2, 17, 19, 1109
List the prime factors of 997105.
5, 47, 4243
What are the prime factors of 628879?
257, 2447
List the prime factors of 886430.
2, 5, 88643
What are the prime factors of 76766?
2, 131, 293
List the prime factors of 2674